5. Let f(g) = 4*g**2 - g + 6. Let p(i) = -5*f(i) + 6*v(i). Determine p(2).
-10
Let j(a) = -2*a + 3. Let u be 196/8 - (-1)/2. Suppose -3*x + 4*x - 5 = -3*s, -u = -5*x - 2*s. Give j(x).
-7
Let m = 16 - 11. Suppose 4*o + 35 = -m*h, -4*h + 18 = -5*h - 3*o. Let u(z) be the first derivative of z**2 + 3*z + 1. What is u(h)?
-3
Suppose -4*x - 2 + 2 = 0. Let j(c) = -c**2 + c - 10. Give j(x).
-10
Let v(a) be the third derivative of -a**4/24 + a**3/6 - a**2. Suppose -5*c = 2*u - 0*u + 2, 4*c + 1 = -u. Give v(c).
1
Let y be ((-10)/8)/((-1)/4). Let u(r) be the third derivative of r**5/60 - r**4/8 - 5*r**3/6 + 106*r**2. Calculate u(y).
5
Let x(n) be the first derivative of 2*n**2 - n - 26. Give x(-1).
-5
Let q(g) = 9*g + 10. Let h(f) = 10*f + 11. Let r(l) = -6*h(l) + 7*q(l). What is r(-3)?
-5
Let z(l) = -l**3 + 6*l**2 + 7*l. Let s be z(7). Let t be 2 - (-1 - (s - 1)). Let d(p) = -p + 3. Let o(r) = -1. Let h(j) = -d(j) - 2*o(j). Give h(t).
1
Let p(z) = z**2 - 6*z + 3. Let f(v) = v**2 + 3*v + 3. Let a be f(-5). Let h = a + -10. What is p(h)?
-6
Let p(u) be the third derivative of -7/60*u**5 + 0*u + 0 + 2*u**2 + 0*u**3 + 0*u**4. Let b(x) = -x**2 + 9*x + 1. Let j be b(9). What is p(j)?
-7
Suppose -l = 3*l + w - 14, -11 = -3*l - w. Let a(f) = 5*f + 3 + 4*f**2 + f**l - 5*f. Calculate a(-4).
3
Let t be (-1 - -2)/(1/(-3)). Let b = 12 - 10. Let u(k) = b*k - 6*k - k**3 - k - 4*k**2 + k. What is u(t)?
3
Let p(t) = -4*t**3 + 4*t**2 + 4 + 2*t**2 - t**3 + 6*t**3. What is p(-6)?
4
Let s(m) = 4 - m**2 + 7*m - m**2 + 3*m**2. Let c(u) = u**2 - 12*u - 6. Let n be c(12). Give s(n).
-2
Let b(z) = 4*z - z**2 - z - 3 - z**2. Let t(j) = -j. Let h be t(-3). Give b(h).
-12
Let a(y) = 2*y + 2*y - y + 6 - 4*y. Let x be a(8). Let m(l) = l**3 + 3*l**2 + 4*l + 2. Calculate m(x).
-2
Let y(k) = -k - 4. Let d = -81 - -86. Give y(d).
-9
Let a(x) = -x**3 + x**2 + 1. Let q(n) = 5*n**3 - 2*n**2 + 4*n - 1. Let s(y) = -6*a(y) - q(y). Determine s(5).
0
Let x(u) = 43*u**2 - 1 + 7*u - 42*u**2 - 2. Give x(-7).
-3
Let g(a) = 5*a**2 + 8. Let c(d) = -d**2 - 1. Let m(l) = -4*c(l) - g(l). Give m(0).
-4
Let p(d) = -7*d**3 + d**2 + d. Let u(b) = b - 6. Let n be u(5). Give p(n).
7
Let q(j) be the third derivative of j**4/24 + 2*j**3/3 - j**2. Let k(n) = -n**2 + 2*n + 4. Let v be k(-2). What is q(v)?
0
Let g(l) = 14*l**3 - 35*l**2 + 35*l - 27. Let a(n) = 5*n**3 - 12*n**2 + 12*n - 9. Let w(q) = 17*a(q) - 6*g(q). What is w(-7)?
2
Let i(v) = 2*v**3 - 4*v**2 + 2*v + 1. Let h(p) = -3*p**3 + 9*p**2 - 4*p - 2. Let x(b) = -4*h(b) - 9*i(b). What is x(-1)?
7
Let i(x) = x**3 - 4*x**2 + 3*x - 3. Suppose -8*o + 18 = o. Give i(o).
-5
Suppose 4 = 5*k + 5*h - 11, -5*h + 24 = -4*k. Let s(v) = v. Calculate s(k).
-1
Let h(c) = 2*c - 6. Let v(p) = 3*p - 9. Let s(g) = 7*h(g) - 5*v(g). Determine s(3).
0
Suppose 0 = -2*j + 3*g + 37, -2*j - 3*g - 23 = -3*j. Suppose -5*d - 14 = -3*v, -4*v = -d - j + 1. Let u(w) = -w**3 + 5*w**2 - 5*w + 3. Calculate u(v).
6
Let i(t) = t**3 - t**2 + 2*t - 1. Suppose c - 7 = -4. Suppose 2*n - 11 = -g - 0, 1 = 3*g - 2*n. Suppose -g*q + 0 = -c. Determine i(q).
1
Let y(s) = -s + 1. Let h(z) = 2*z**3 - 1. Let l be h(1). Let c(n) = 7*n - 1. Let g(q) = l*c(q) + 2*y(q). Calculate g(-1).
-4
Let c(o) = -o + 1. Let m(l) = 3*l**2 + l + 1. Suppose 2*z - 4*r = -18, 3*r - 6 - 14 = -5*z. Let h be m(z). What is c(h)?
-4
Let m be (-4)/(3*(-2)/3). Suppose m*a + 20 = -2*a, 3*q - 3*a = 24. Let l(v) = -v + 13. Let k(b) = 7. Let i(d) = 5*k(d) - 3*l(d). Determine i(q).
5
Let w(g) = -4 + 3*g + 3 - 2*g. Let f be w(4). Let j(r) = 4 - 5 + f*r + 5. Give j(-3).
-5
Let t(r) be the second derivative of -2/3*r**3 + 0 - 1/12*r**4 - 3*r - 1/2*r**2. Suppose 0*i + 8 = -2*i. Calculate t(i).
-1
Let s be 1/(-1) + -2 - 2. Let v = s - -10. Let o(g) = -g**2 + 6*g - 6. Give o(v).
-1
Let y = 8 - 1. Let g(k) = k**3 - 7*k**2 + k. Let a be g(y). Let w(p) = p - 6. Give w(a).
1
Let r(w) = 5*w**2 + 1. Suppose -8 = -2*t - 6. Calculate r(t).
6
Let x(t) = t**2 - 9. Let l(j) = -2*j + 10. Let y be l(5). What is x(y)?
-9
Let c(r) be the second derivative of -r**3/2 + r**2/2 + 2*r. Let k = -57 - -55. What is c(k)?
7
Let o(w) = 3*w + 0*w**3 - 6*w**3 - 5*w**2 + 7*w**3. Determine o(3).
-9
Let r = 4 + -2. Let m(a) = -r*a + 2 - 2 + a**2. What is m(3)?
3
Let z = -16 - -19. Let m(a) be the third derivative of 1/24*a**4 + 1/6*a**z - 1/60*a**5 + 0*a + 0 + 2*a**2. What is m(2)?
-1
Let u(c) be the second derivative of c**6/240 + c**5/30 - c**4/3 + 7*c. Let i(j) be the third derivative of u(j). Determine i(-3).
-5
Let r = 24 + -30. Let z(g) = g**2 + 7*g. Give z(r).
-6
Suppose -3*y = -3*t - 21, 4*t - 16 = 8*t - y. Let d(j) = 3*j + 3. Calculate d(t).
-6
Let k(q) = -q. Let o(a) = -3*a - 5. Let y(n) = -4*k(n) + o(n). Give y(5).
0
Suppose 4*q - 5*s - 39 = 10, -5*q - 4*s = -51. Let g be 2/q + (-210)/(-55). Let b(m) = m**3 - 4*m**2 + 5*m - 5. Determine b(g).
15
Let h(w) = 13*w + 3*w - 18*w + 3*w. Suppose 0 = -2*r, -2*r - 5 - 3 = -2*d. Give h(d).
4
Let h be (1/(-3))/(1/(-9)). Let s(j) = 8*j**3 - 11*j**2 + 2*j - 3. Let a(b) = 7*b**3 - 10*b**2 + 2*b - 3. Let y(r) = -7*a(r) + 6*s(r). What is y(h)?
6
Let g(a) = -10*a + 1 + a**2 - 4 + 1 + 4*a. Calculate g(4).
-10
Let b(p) = -p**2 + 6*p + 5. Let z be b(7). Let d be 9/6 - z/4. Let o(i) = -i**3 + 4*i**2 - 3*i + 1. Give o(d).
3
Let m(v) be the third derivative of -v**5/60 + v**4/24 - 7*v**2. Determine m(2).
-2
Let z(s) be the first derivative of -s**4/4 - s**2/2 + 9*s - 4. Calculate z(0).
9
Suppose 4*h + 14 = 5*g - 3, 0 = 3*h + 3*g - 21. Let t(k) = -2*k + 2 + 1 - 2*k - k. Determine t(h).
-7
Let n = -3 - -5. Let b(h) = h**3 - 2*h**2 - h + 4. Let p = -4 - -6. Let o(z) = -3*z**3 + 6*z**2 + 3*z - 13. Let g(d) = p*o(d) + 7*b(d). What is g(n)?
0
Let d(t) = -2*t - 6. Suppose 0*q + 20 = 5*w - q, 0 = q. Suppose 0 = 3*k + 2 + w, 18 = -j - 3*k. Let o = j - -6. What is d(o)?
6
Let q(c) = c. Let y(j) = -4*j**3 + 2*j**2 - 1. Let l be y(-1). Suppose 0 = -l*p + 14 - 4. Calculate q(p).
2
Let b be (2/(-4))/((-4)/(-16)). Let v(j) = -2*j - 2. Let k be v(b). Let u(s) = 18*s - 14*s - 4 + 2*s**k + 7. Determine u(-2).
3
Let n(g) = 5*g + 9. Let k(h) = h + 2. Let q(t) = 2*k(t) - n(t). Let o(r) = -r**2 + 6*r - 6. Let y be o(6). Calculate q(y).
13
Let l(r) be the third derivative of -r**5/60 - 5*r**4/24 - r**3/3 + 3*r**2. Determine l(-6).
-8
Let c(z) = 6*z**2 - 5*z**2 - 3*z + 0*z**2. Calculate c(4).
4
Let n be 4/14 + (-90)/21. Let w = n - -9. Let a(s) = s**2 - 5*s - 1. Determine a(w).
-1
Let h be 1/((1 - 2)*1). Let o(j) be the second derivative of 0*j**2 - j + 7/6*j**3 + 0. Calculate o(h).
-7
Let z(r) be the first derivative of r**2/2 - 2*r + 2. Let l(x) = -5 + 2*x + 2 - 3*x. Let k be l(0). Calculate z(k).
-5
Let u(z) = -3 + 4 + 2 - 1 - z. Suppose -m = -2*t + 21, 0 = -4*t + 5*t + 3*m - 21. Suppose 4*k + 5*q + t = 0, 2*k + 4*q + 4 = -2. Give u(k).
5
Let x(p) = -p**2 - 5*p + 3. Let h(y) = -y**2 + 7*y - 6. Let t be h(4). Suppose -5*k + t*k + 15 = -4*l, 0 = -3*k + 15. Determine x(l).
3
Let n(p) be the third derivative of -p**4/24 + 5*p**3/6 + p**2. Let y = 1 + 3. Give n(y).
1
Let y(m) = -4*m - 13. Let g(d) = d + 3. Let l(j) = 9*g(j) + 2*y(j). Calculate l(1).
2
Let h(n) = -7*n - 6*n + 1 + 6*n. Suppose -2 - 6 = -2*k. Suppose 5*f + k*i - 21 = 0, 0 = -f - 4*f - 3*i + 17. Calculate h(f).
-6
Let d(l) = -14*l**2 + 15*l - 3. Let v(j) = 5*j**2 - 5*j + 1. Let s(w) = -6*d(w) - 17*v(w). Calculate s(-5).
1
Let m(o) = -11*o**2 - 2*o + 2. Let w(h) = -4*h**2 - h + 1. Let k(n) = 3*m(n) - 8*w(n). Calculate k(4).
-10
Let j(p) be the second derivative of p**3/2 - 3*p**2/2 - 16*p. What is j(5)?
12
Let o(l) = -3*l + 1. Let w(u) = -u + 9. Let t be w(5). Let g(c) = 2*c - 6. Let n be g(t). What is o(n)?
-5
Let o(u) = u - 1. Let p be 1/(3*3/45). Suppose 2*k - 9 = p*k. Calculate o(k).
-4
Suppose 3*n = -0 - 6. Let w = -3 - n. Let v(z) = z**2 + z + 1. Give v(w).
1
Let f = 100 - 97. Let r(s) = -s**2 + 3*s - 1. Determine r(f).
-1
Let f(v) = v**3 - 4*v**2 + 2*v - 6. Let h be f(4). Let n(l) = -l**2 - 2*l + 3. Determine n(h).
-5
Let x(a) be the second derivative of a**3/6 - 3*a**2/2 - 3*a. Suppose 0 = 2*z + c + 4, -4*z - 3*c - 2 - 4 = 0. Give x(z).
-6
Suppose -6*p - 15 = -11*p. Let i(a) = -2*a + 0 + 4 + p*a - 5*a. Give i(3).
-8
Let i(h) = -2*h - 1. Let x(p) = -p**3 + 5*p**2 + p - 2. Let u be x(5).